 + 16 = -6*n + 2*p. Let x = n - a. What are the prime factors of x?
2, 3
Suppose s = 149 - 112. List the prime factors of s.
37
Let l = -62 - -67. Suppose -4*g = 5*r - 89, 4*r - 1 + 29 = 3*g. Suppose l*z - 7 = -3*w, 5*w - g = 2*z + 6. What are the prime factors of w?
2
What are the prime factors of 0/3 - 10*-2?
2, 5
List the prime factors of 16/72 - (-133)/9.
3, 5
Let f be (-1)/3 + 170/6. Let v = f + -4. Suppose 5*q = 3*z + 8, 2*q = -q - 3*z + v. List the prime factors of q.
2
Let v(p) = p**3 - 3*p**2 - 3*p + 5. Let s be v(4). Suppose 0 = -10*r + s*r + 7. List the prime factors of r.
7
Let g(h) = h**2 + h. Let r be g(-2). Suppose -4*c + 30 = 2*s, 0 = 5*c + r*s + s - 35. What are the prime factors of c?
2, 5
Suppose 8*r - r - 2660 = 0. What are the prime factors of r?
2, 5, 19
Let b(d) = -23*d**2 - 1 + 22*d**2 - 7 - 8*d. Suppose -5*f - 3 = 27. What are the prime factors of b(f)?
2
Let q(v) = v**3 + 8*v**2 - 22. What are the prime factors of q(-5)?
53
Let n = -5 - -8. Suppose i + 26 = n*i. What are the prime factors of i?
13
Let b = 3 + -6. Let s be (-5 - b)/2*-3. Suppose -3*g - 2*r + 26 = -0*g, -s*g + 20 = 5*r. List the prime factors of g.
2, 5
Suppose -b + 5*r - 19 = -142, -4*r + 586 = 5*b. Let l = b + -68. List the prime factors of l.
2, 5
Let t = 10 - 10. Suppose 2*f + 6 = t, 6 = -d + 4*d + 3*f. List the prime factors of d.
5
Let g be (-4 + -2)/((-2)/3). Suppose -a - 3 = g. Let q = 24 + a. List the prime factors of q.
2, 3
Let p(o) = -11*o + 25. Let d(r) = -7*r + 17. Let j(q) = 8*d(q) - 5*p(q). What are the prime factors of j(-9)?
2, 5
Suppose -3*d + 18 + 102 = 0. Let s = -20 + d. What are the prime factors of s?
2, 5
Suppose -87 = -4*c - h, c - 5*h - 27 = -c. List the prime factors of c.
3, 7
Let n = 17 - 13. Suppose n*p = 17 + 23. What are the prime factors of p?
2, 5
Let c = -2 + 9. What are the prime factors of c?
7
Let r = -6 + 9. Let h(p) = -2*p + 9. Let s(t) = 6*t - 27. Let a(d) = r*s(d) + 8*h(d). List the prime factors of a(7).
5
Let t be (-1)/3*27/(-3). Suppose -t*j = 10 - 31. What are the prime factors of j?
7
Let m(u) = u**2 - 3*u + 50. What are the prime factors of m(0)?
2, 5
Suppose -3*t = -0*t. List the prime factors of (t + (-1 - 3))*-2.
2
Let c(u) be the second derivative of u**3/6 + 17*u**2/2 - 2*u. Let b be c(0). Let l = b + -12. List the prime factors of l.
5
Let j(f) = 3*f**2 - 2*f - 4. Let q be j(-3). Let c = -16 + q. List the prime factors of c.
13
What are the prime factors of 367 - (-4)/(4/(-2))?
5, 73
Let c = 27 + 5. What are the prime factors of c?
2
Let v be -2*1*(-28)/8. Suppose 10 = 2*p - v*p. Let i = p + 5. List the prime factors of i.
3
What are the prime factors of (2 - (-684)/(-8))/(5/(-10))?
167
Let y(f) = 3 - 4 + 3 - 10*f. List the prime factors of y(-3).
2
Suppose -44 = 5*n - n. Let q(w) = w**3 + 12*w**2 + 11*w + 3. What are the prime factors of q(n)?
3
Let g(h) = 10*h - 3. What are the prime factors of g(1)?
7
Suppose 5*u + 5*n = 160, 5*u = 2*n - n + 172. What are the prime factors of u?
2, 17
What are the prime factors of (-1240)/(-30) + (8/6)/(-4)?
41
Let n(v) = -43*v + 43*v + 1 - v**2. Let q be n(0). What are the prime factors of ((-8)/5)/(q/(-10))?
2
Let o = 277 - 145. List the prime factors of o.
2, 3, 11
Let f(t) be the first derivative of t**3/3 - 2*t**2 + 4*t - 1. List the prime factors of f(5).
3
Let r(o) = o**3 + 9*o**2 + 7*o - 3. Suppose -4*v + 5*p + 41 = 0, -p + 59 = v + 3*v. Suppose 5*u = -3*i - 4, -v = -4*i - u - 42. List the prime factors of r(i).
5
Let t(z) = z**2 + 8*z - 12. Let f be t(-9). Let i = 1 + f. Let n(d) = -7*d - 2. List the prime factors of n(i).
2, 3
Let i(q) = q**3 + 8*q**2 + 6*q - 1. What are the prime factors of i(-7)?
2, 3
Suppose 0 = -7*a + 5*a + 62. List the prime factors of a.
31
Let l(c) = c**2 + 1. Let d be l(-1). Suppose -2*z = 3*h + 11, -2*z = h + d + 7. Let p = z + 6. What are the prime factors of p?
2
Let a(d) be the first derivative of d**3 - 3*d**2/2 + 2. What are the prime factors of a(2)?
2, 3
List the prime factors of 1/(-1) + 82 + (7 - 9).
79
Suppose -2*u + 4 = -2. Let v = u - -5. List the prime factors of v.
2
Let b(x) = 13*x. Let o be b(-1). Suppose 5*c + 24 = 4*p, -5*c + 10*c = -p - 19. Let q = c - o. List the prime factors of q.
3
Let b be -4*(42/(-8) + 1). Suppose -q - 88 = 7*q. Let f = b + q. List the prime factors of f.
2, 3
Let o(z) = 4*z**3 - z. Let i be o(1). Suppose i*k - 28 = -2*g, k + 3*g - 4*g - 16 = 0. List the prime factors of k.
2, 3
Suppose 17*r - 294 = 10*r. List the prime factors of r.
2, 3, 7
Suppose -4*v = 5*r - 3*v - 242, 94 = 2*r - v. List the prime factors of r.
2, 3
Suppose -169 + 1117 = 5*r - 2*m, 4*r + 3*m = 740. What are the prime factors of r?
2, 47
Let z = -8 - 6. Let q = z - -28. Suppose o + o = 2*g - q, 0 = -2*g + 3*o + 11. What are the prime factors of g?
2, 5
Let z be 3/(-4) + (-1975)/(-20). What are the prime factors of 107/7 - 28/z?
3, 5
Let r(b) = -b**3 + 3*b**2 + 2. Let x be 2 + 1 - 0/(-3). What are the prime factors of r(x)?
2
Let k = -7 + 16. Let y = 4 + k. What are the prime factors of y?
13
Suppose -38 = 5*j + 5*n + 17, -n = -5*j - 67. Let x = 18 + j. List the prime factors of x.
5
Suppose d - 3 - 2 = 0. Suppose b + 2 = d. Suppose -b*j - 5*z = 2*j - 25, -2*j + 25 = -z. What are the prime factors of j?
2, 5
Suppose 0*v = 2*v - 30. Let a = v - 7. Suppose 3*u - 19 = a. List the prime factors of u.
3
Let t(c) = c**3 + 3*c**2 - 5*c + 1. Suppose 5*h - 5*u - 61 = -26, 2*u + 6 = 0. Suppose -h*d - 13 - 3 = 0. What are the prime factors of t(d)?
5
Let p = -12 + 23. Suppose -4*m + 0*m - 20 = 0. Let a = p + m. What are the prime factors of a?
2, 3
Let m = -34 + 55. Suppose m = -5*o + 6. List the prime factors of 8/(-3)*o/2.
2
Let a(y) = 5*y**2 + 2*y - 2. What are the prime factors of a(2)?
2, 11
List the prime factors of (-2 + -5 - -9) + 18*8.
2, 73
Let t = 6 - 5. Let j(f) = 1 + 15 + t - 1 - f. List the prime factors of j(0).
2
Suppose 0 = -5*a - 2*a + 84. What are the prime factors of a?
2, 3
Suppose -j = -1 - 1. Let z = j - -3. What are the prime factors of z?
5
Suppose 4*m - 302 = -98. List the prime factors of m.
3, 17
Suppose 2*c = -8*y + 3*y + 95, -c = 5*y - 55. What are the prime factors of c?
2, 5
What are the prime factors of (144 - 1) + -2 + (1 - 1)?
3, 47
Let h(w) = -w - 7. Let f be h(-11). Suppose 2*x = c + 5, -f*c + 8 = -2*x + x. Suppose 3*q = 12, x*g + 0*g + q - 36 = 0. List the prime factors of g.
2
Let g(f) = f + 2 - 5 + 7*f - 12*f. List the prime factors of g(-5).
17
Let f(q) = q**3 - 12*q**2 + 20*q - 4. List the prime factors of f(11).
5, 19
Suppose 0 = 2*r + r. Suppose r = -0*g - 3*g + k + 11, -2*k = -2*g + 2. Suppose 0 = -h - 4*o - 2 - g, -4*o = -2*h + 22. What are the prime factors of h?
5
Suppose 0 = -6*k + 7*k - 53. What are the prime factors of k?
53
Let x(l) = l**3 + 11*l**2 - 7*l - 5. What are the prime factors of x(-10)?
3, 5, 11
Let v(t) = t**2 - 10*t - 8. Let o be v(10). List the prime factors of (o/(-6) - -2)*6.
2, 5
Let q(x) = -x + 5. Let d be q(3). Let a = d + -3. What are the prime factors of (a/(-1))/((-7)/(-21))?
3
Let u(l) = -l - 1. Let b be u(-3). List the prime factors of 1/b*-4 - -12.
2, 5
Let j(x) = -16*x**2 - 2*x + 1. Let y be j(1). Let u = -30 - -18. Let n = u - y. What are the prime factors of n?
5
Suppose 5*x = -2*u + 63, u + 4*x - 60 = -u. What are the prime factors of u?
2, 3
What are the prime factors of 562/3*-6*6/(-24)?
281
Suppose -6 - 2 = -b. Let x = 0 + b. List the prime factors of x.
2
Suppose d + 0*d = 59. What are the prime factors of d?
59
Let c(d) = 3*d**2 + 4*d. List the prime factors of c(-6).
2, 3, 7
Suppose 3*f + 48 = -f. Let d = f - -18. What are the prime factors of d?
2, 3
Let v(t) = 15*t**2 - 2*t + 7. What are the prime factors of v(3)?
2, 17
Let d(o) = -o + 2. What are the prime factors of d(-20)?
2, 11
Suppose 0 = -2*z + t + 22, -2*z - 5*t + 3 = -7. Suppose o + z = 4*n - 37, -2*o = n - 14. List the prime factors of n.
2, 3
Suppose -5*p + 2*h + 114 = -p, 3*h = 4*p - 117. List the prime factors of p.
3
Let m(j) = -3*j - 1. Suppose -8 = -d - d. Suppose 8 = 5*w + d*y - 2, 17 = -w + 3*y. What are the prime factors of m(w)?
5
Let t(l) = l**3 - 6*l**2 + l + 2. What are the prime factors of t(7)?
2, 29
Let y(v) = v**2 + 9*v + 18. List the prime factors of y(-9).
2,